 common factor of 1558 and 761083.
779
Calculate the greatest common factor of 37995 and 7003.
149
Calculate the greatest common divisor of 16 and 10056.
8
What is the greatest common factor of 1652 and 1073387?
413
Calculate the highest common factor of 982601 and 38111.
1657
Calculate the greatest common factor of 729 and 687.
3
Calculate the highest common factor of 908 and 80131.
227
Calculate the highest common factor of 188 and 713178.
94
What is the greatest common factor of 911059 and 279?
31
Calculate the greatest common divisor of 48 and 136056.
24
Calculate the greatest common factor of 192736 and 3170.
634
What is the greatest common divisor of 160726 and 4?
2
Calculate the highest common factor of 21 and 2037.
21
Calculate the greatest common factor of 1273320 and 360.
360
What is the highest common factor of 229942 and 986?
34
Calculate the highest common factor of 56494 and 846.
94
What is the greatest common factor of 1032 and 3948948?
516
Calculate the greatest common divisor of 16357 and 253.
11
What is the greatest common divisor of 452800 and 8640?
320
Calculate the highest common divisor of 280 and 42360.
40
What is the highest common factor of 13866 and 42?
6
What is the highest common divisor of 24056 and 18104?
248
Calculate the highest common divisor of 6597509 and 137.
137
What is the highest common factor of 976 and 2225768?
488
Calculate the highest common factor of 18331 and 2391.
797
What is the greatest common divisor of 99966 and 246?
6
What is the highest common divisor of 22 and 2099119?
11
What is the greatest common divisor of 3848 and 18537?
37
What is the greatest common divisor of 12 and 7116?
12
What is the highest common divisor of 47916 and 18612?
396
Calculate the highest common factor of 760 and 708320.
760
What is the greatest common factor of 28 and 1589189?
7
What is the highest common divisor of 670615 and 445?
445
What is the greatest common factor of 193829 and 1622?
811
Calculate the greatest common divisor of 126795 and 11060.
395
Calculate the greatest common divisor of 4475 and 725.
25
Calculate the greatest common divisor of 85855 and 20.
5
What is the highest common divisor of 6272 and 2646?
98
Calculate the highest common factor of 68496 and 56.
8
Calculate the greatest common factor of 330 and 536030.
110
What is the greatest common divisor of 50 and 254?
2
What is the highest common divisor of 48 and 380496?
48
Calculate the highest common factor of 572 and 166100.
44
Calculate the greatest common factor of 115911 and 567.
81
Calculate the highest common divisor of 265 and 249259.
53
What is the greatest common factor of 69450 and 300?
150
Calculate the greatest common divisor of 5 and 5810245.
5
What is the highest common factor of 127 and 1707?
1
What is the greatest common divisor of 57042 and 18?
18
What is the greatest common factor of 110 and 4704040?
110
Calculate the greatest common divisor of 45321 and 27.
3
What is the highest common factor of 800822 and 534?
178
What is the greatest common divisor of 292556 and 1952?
244
Calculate the greatest common divisor of 15886 and 846.
94
What is the greatest common factor of 25480 and 13?
13
What is the highest common factor of 10 and 78410?
10
Calculate the highest common divisor of 467084 and 276.
92
What is the greatest common divisor of 5376910 and 70?
70
What is the highest common divisor of 280 and 745192?
56
What is the highest common divisor of 126 and 38718?
18
Calculate the greatest common factor of 3 and 405957.
3
Calculate the highest common factor of 124982 and 46.
46
What is the greatest common factor of 874 and 4554?
46
What is the highest common factor of 172030 and 10?
10
What is the greatest common divisor of 8360 and 1615?
95
Calculate the highest common divisor of 8714 and 44.
2
What is the highest common divisor of 732 and 32?
4
Calculate the greatest common divisor of 1714420 and 1840.
460
Calculate the greatest common factor of 413 and 26255.
59
What is the highest common factor of 6800 and 3995?
85
Calculate the highest common factor of 4320 and 5472.
288
What is the highest common factor of 13884 and 416?
52
What is the greatest common divisor of 5688 and 944?
8
What is the highest common factor of 1179 and 881368?
131
What is the greatest common divisor of 520 and 5960?
40
Calculate the greatest common divisor of 150 and 585900.
150
Calculate the greatest common factor of 159866 and 378.
14
What is the greatest common divisor of 18 and 1281924?
18
What is the highest common divisor of 11017 and 92?
23
What is the highest common factor of 12860 and 370?
10
Calculate the highest common factor of 63135 and 72.
9
What is the greatest common divisor of 5734 and 1222?
94
What is the highest common divisor of 540 and 854226?
54
What is the greatest common divisor of 7296 and 52440?
456
What is the highest common divisor of 324 and 21702?
6
Calculate the highest common factor of 222 and 1476.
6
Calculate the greatest common divisor of 1058759 and 299.
299
What is the highest common factor of 651 and 54467?
217
What is the greatest common divisor of 10370 and 140300?
610
What is the highest common divisor of 42 and 51102?
6
What is the greatest common factor of 12248 and 320?
8
Calculate the greatest common factor of 36350 and 50.
50
Calculate the greatest common divisor of 1594125 and 180.
45
What is the greatest common factor of 1121403 and 303?
303
What is the highest common factor of 47112 and 208?
104
Calculate the highest common factor of 45 and 392835.
15
What is the highest common divisor of 5776 and 68590?
722
Calculate the greatest common factor of 10132 and 265816.
596
Calculate the greatest common divisor of 180 and 738.
18
What is the greatest common factor of 49 and 56252?
49
Calculate the greatest common divisor of 1108 and 13573.
277
Calculate the highest common factor of 5472112 and 1136.
1136
Calculate the greatest common divisor of 37820 and 4960.
620
What is the highest common divisor of 24 and 118488?
24
Calculate the highest common factor of 58 and 7096.
2
What is the highest common divisor of 96 and 4362?
6
Calculate the greatest common divisor of 39593 and 411.
137
What is the greatest common factor of 202 and 2446018?
202
What is the greatest common factor of 3806 and 2398?
22
What is the greatest common factor of 3516 and 578089?
293
What is the highest common divisor of 132 and 119394?
66
Calculate the greatest common divisor of 70 and 209230.
70
Calculate the greatest common factor of 240 and 468240.
240
Calculate the highest common factor of 96569 and 22.
11
What is the greatest common divisor of 182267 and 689?
53
What is the highest common factor of 47922 and 124206?
978
What is the greatest common divisor of 2351 and 2?
1
What is the greatest common factor of 35106 and 1?
1
Calculate the greatest common factor of 730907 and 164.
41
Calculate the highest common factor of 17575 and 333.
37
Calculate the greatest common divisor of 4916085 and 5.
5
Calculate the highest common divisor of 414897 and 1932.
483
What is the greatest common divisor of 1392 and 4?
4
What is the greatest common factor of 273 and 1746732?
39
Calculate the greatest common divisor of 170 and 32045.
85
Calculate the highest common factor of 11 and 73601.
11
What is the highest common divisor of 44419 and 56815?
1033
Calculate the highest common factor of 872195 and 1045.
95
What is the greatest common divisor of 343 and 7399?
49
What is the highest common factor of 873 and 10647?
9
Calculate the greatest common factor of 12764 and 16.
4
Calculate the greatest common divisor of 129222 and 108.
54
What is the greatest common divisor of 30678 and 6?
6
What is the greatest common divisor of 40301 and 9168?
191
Calculate the greatest common factor of 310304 and 608.
32
What is the highest common factor of 873 and 4491?
9
Calculate the highest common divisor of 1374868 and 44.
44
Calculate the highest common factor of 70581 and 42.
21
Calculate the greatest common divisor of 366929 and 29563.
1739
Calculate the highest common factor of 2272 and 576.
32
Calculate the greatest common factor of 120 and 23000.
40
Calculate the greatest common factor of 10925 and 1725.
575
Calculate the greatest common divisor of 330 and 1